ite?
False
Is 3 - -41*(-4)/(-2) a composite number?
True
Suppose 2*v - 1279 = -9. Is v a composite number?
True
Let p be -3 - (3*-9 - 2). Let m = 40 - p. Is m composite?
True
Let r(p) = -p + 11. Let x be r(8). Let v be (-60)/(-9)*2*3. Suppose -2*j - 5*n = -211, x*n - v - 64 = -j. Is j prime?
True
Let s(b) = b**2 - 7*b + 3. Let a(m) = -m + 1. Let q(z) = -5*a(z) + s(z). Let r be q(-2). Let p = 55 - r. Is p a composite number?
True
Let r(n) be the first derivative of n**3 + 2*n**2 + 3*n - 5. Is r(4) prime?
True
Suppose -2*v = -16 - 50. Is v prime?
False
Let z = -86 - -149. Suppose -j - z = -4*j. Is j composite?
True
Suppose -3228 = -3*n - m + 2476, 2*n - 3*m = 3799. Is n prime?
True
Let w be (-4)/(-3*4/102). Suppose 2*z - 8 = w. Is z a prime number?
False
Suppose -z + 13 = -12. Let s = 6 + -2. Suppose -5*o = -s*o - z. Is o a prime number?
False
Let r(a) = a**3 - 6*a**2 + 5. Let l be r(6). Suppose -l*z = -z - 8. Let n(t) = 12*t**2 + 2*t + 1. Is n(z) a prime number?
True
Let x(y) = 6*y**2 - y. Is x(2) prime?
False
Let u = -108 + 157. Is u composite?
True
Let b be ((-8)/(-12))/(2/9). Suppose 336 = 3*z - 3*a + 4*a, 0 = -b*z + 2*a + 327. Is z prime?
False
Let z(o) = o**3 + 2*o**2 - 3*o - 4. Let m be z(-3). Let r be m/(-6) + 4/(-6). Suppose -5*k - 41 = -j, 4*j - k - k - 110 = r. Is j composite?
True
Suppose -2*p = -242 - 368. Is p a prime number?
False
Let s(j) = j**3 - 15*j**2 + 44*j - 3. Is s(18) prime?
False
Let p = -11 - -7. Let v = p + 15. Is v a composite number?
False
Suppose -2*u = -290 - 66. Is u/3 + 1/(-3) prime?
True
Suppose s = 4*a - 3143, a + s = 2*s + 782. Is a a composite number?
False
Let s = -4713 - -7434. Is s a prime number?
False
Let l = 917 + -600. Is l a composite number?
False
Let i = 8 + -5. Suppose 4*z + i*k - 118 = 2*z, -5*z + 277 = 3*k. Is z composite?
False
Suppose f + 3*s - 94 = 0, 2*f = 4*s + 62 + 86. Suppose -f = -2*y + 712. Is y prime?
True
Let r be (-3 + 3)/(1 - -1). Let k = r + -1. Is (-38)/(-1) + -2 - k a composite number?
False
Let b(s) = -s**3 - 4*s**2 - 4*s - 3. Let t be b(-2). Let r be 6/4*2/t. Is (2 - (-30 - r))/1 a prime number?
True
Is ((-251)/(-5))/((-4)/(-20)) a prime number?
True
Suppose -12*m + 10*m + 10178 = 0. Is m a composite number?
True
Suppose 45 - 24 = 3*z. Is z a prime number?
True
Let p(n) = 0 + 3*n + 0 + 1. Let y be p(1). Suppose -v + 58 = -0*k - 3*k, 5*v - y*k = 279. Is v prime?
False
Is (-2 + 7)*-1*334/(-2) prime?
False
Is 142 + 1 + 0 + 2 composite?
True
Suppose 821 + 68 = l. Is l prime?
False
Let f(v) = -v**3 + 25*v**2 + 10*v - 31. Is f(24) a composite number?
True
Let b = -7 + 6. Is (158*(2 + b))/2 prime?
True
Suppose -1686 = v - 4*v. Let m be (6/(-8))/(6/2760). Let r = m + v. Is r prime?
False
Suppose -48 = -3*l + 30. Let q = 27 + l. Is q prime?
True
Let u = -163 + 281. Is u composite?
True
Is -243*4/(-6) + 1 composite?
False
Let w(r) = 3*r**2 + 2*r + 4. Let s be w(-4). Let c = -12 + s. Let p = c + -10. Is p composite?
True
Let u = 1448 - 849. Suppose y + 4 = 7, -y - u = -2*w. Is w a composite number?
True
Let s = 1 - 4. Let j be 8/(s/(9/(-6))). Suppose -j*i + 19 = -25. Is i a prime number?
True
Let h = -13 + 4. Let r = 14 + h. Suppose -r*o + 158 = -3*o. Is o composite?
False
Suppose 0 = -4*v - 94 + 522. Suppose -i - 4*t + 33 = 0, -v = -4*i - 4*t + 49. Suppose -314 = -5*c + i. Is c a composite number?
False
Let j be (-2)/(-5) - (-32)/(-5). Let l be -1 - (j + 0 + 1). Suppose l*q - 33 - 203 = 0. Is q composite?
False
Suppose 3*c + 3192 = -5*j - 1120, 5*c - 2*j + 7135 = 0. Is ((3 - c)/(-4))/(-2) a composite number?
False
Let c(b) = -b**3 + 3*b**2 - 1. Let v be c(1). Let r(f) = 26*f**3 - f**2 + f. Let s be r(v). Suppose -2*q + 70 = s. Is q a composite number?
True
Suppose 3*z = -3, 2*n + 87 - 2224 = -z. Is n prime?
True
Let g(m) = m + 17. Is g(-14) prime?
True
Suppose 2*k + x - 5 = 0, -3*k - 3*x = -5*x - 25. Suppose -449 = -c + 4*m - 2*m, k*c = -m + 2234. Is c prime?
False
Suppose 130 = 11*l - 6*l. Is l a composite number?
True
Let u = -12 + 17. Let a(p) = -4*p - u + 2*p + p**3 - 2*p - 2*p**2. Is a(4) prime?
True
Suppose -1635 - 6197 = -8*f. Is f a prime number?
False
Suppose -5*i + x + 2 + 3 = 0, 3*x = -5*i - 15. Suppose a - 3*z - 43 = -0*a, i = 4*a + 3*z - 112. Is a a prime number?
True
Let o be 4 + -2 + 97 - -1. Let g = 294 - o. Suppose a + a = g. Is a composite?
False
Let t(u) = u**2 - u + 91. Suppose -3*a = -4*a. Is t(a) prime?
False
Suppose 0 = -3*q - 6, 0*p - 3*p + 10471 = 4*q. Is p prime?
False
Let f(w) = w**2 - w + 2. Let t be f(2). Suppose -t*i = -803 + 39. Is i composite?
False
Let a(t) = t - 3. Let j be a(3). Suppose j*w + 2*w = 4. Suppose w*p - 86 = -4*s, 3*p + p - 207 = -s. Is p a composite number?
False
Suppose -54 = -b - 2*b. Let w be b/6*50/(-3). Let i = -15 - w. Is i a composite number?
True
Suppose 4*p - 3*p - 333 = -u, 4*p + 323 = u. Is u prime?
True
Let g(o) = 16*o**2 + 6*o + 3. Is g(-4) composite?
True
Let m = 2524 + -1017. Is m composite?
True
Is (1/1)/(6/234) a prime number?
False
Let n be 4 + -2 - (-5 - -4). Suppose -767 = -3*i + s, n*s - 16 = -s. Is i a prime number?
True
Suppose -w = 3*w - 4*z + 220, -5*w + z = 267. Let d = w - -79. Is d composite?
True
Let c be (-3 + 5)/((-4)/(-6)). Suppose c*h = 2*o + 2*h - 68, -3*h + 170 = 5*o. Is o a prime number?
False
Suppose 4*j - 215 - 13 = 0. Suppose 0 = -o - 2*o + j. Is o prime?
True
Suppose -2*s = -2*n + 282 - 52, -115 = -n - s. Is n a composite number?
True
Suppose 16*t + 5*t - 22449 = 0. Is t a composite number?
False
Let y(f) = -1 - 1 + 1 + 5*f. Let l be y(3). Suppose 2*v = 6 + l. Is v prime?
False
Suppose 5*o - 14 - 11 = 0. Let w(j) = 4*j**2 + 7*j + 2. Let d be w(o). Let l = d + -98. Is l a composite number?
True
Suppose -3*d - 155 = 2*d. Let s = d - -17. Let j = s - -27. Is j a prime number?
True
Suppose 3*r + 15 = -2*z, 15 = -4*r - r. Is 5/z*(-1962)/6 composite?
True
Let v(y) = -y**3 + 7*y**2 - 5*y + 2. Let c be v(5). Suppose f + 0*f - 64 = -2*i, -c = -i - 3*f. Is i a composite number?
True
Let c be (-27)/6*(-80)/(-12). Suppose -5*y = l + 3*l + 104, 5*y + 2*l = -102. Let b = y - c. Is b composite?
True
Is 1049/(-4)*(1 + -5) a composite number?
False
Let u be 3/(-7) - 15/(-35). Let t(o) = 10*o**2 + 4*o - 363. Let a(m) = 7*m**2 + 3*m - 242. Let n(z) = 7*a(z) - 5*t(z). Is n(u) prime?
False
Let x = 0 - -4. Suppose -x*k + k = 6. Is 0 + (5*-14)/k a composite number?
True
Let x be -6 + 1 + (-6)/(-2). Is ((-185)/10)/(x/4) a composite number?
False
Let l be (-6)/8 - 30/(-8). Suppose -r = -2*c + 172, l*c - 2*r - 26 = 231. Is c prime?
False
Let t(q) = -3*q + 5. Let n be t(5). Let s be (-4)/20 + (-52)/n. Let j(a) = 19*a - 6. Is j(s) a prime number?
True
Let n(c) = c**3 + 4*c**2 - 6*c - 7. Is n(6) a prime number?
True
Suppose -27*y - 287 = -28*y. Is y a prime number?
False
Let k = -1 + 4. Suppose k + 1 = c. Suppose 2*i + 330 = 4*i - c*j, -3*i - 4*j + 445 = 0. Is i a composite number?
True
Is (1 - 1 - -2) + 3582/18 prime?
False
Suppose 347 = k + 2*q - 322, 0 = 3*k + q - 2027. Is k composite?
False
Suppose 0 = 2*p + 3*p - 1355. Suppose 0 = -4*u + p + 217. Suppose 4*o - u = 386. Is o a prime number?
True
Let x(m) = -m**3 - 6*m**2 - 5*m. Let j be x(-5). Suppose -2*g + 608 = 2*a - j*a, 4*a + g = 1207. Is a a composite number?
True
Suppose 2*a + 3*j = 227 + 197, -3*a + j = -636. Suppose -4*n - 4*u + 512 = -a, -4*u - 740 = -4*n. Is n prime?
False
Suppose -3*o = 117 - 27. Let v = 17 - o. Is v composite?
False
Suppose 0 = p + 3*p - 1540. Suppose -r = -6*r - p. Let g = 114 + r. Is g a composite number?
False
Suppose 4*n - q - 4*q - 2759 = 0, 3*q + 1379 = 2*n. Is n a composite number?
False
Let o(t) = 25*t**3 - 11*t**2 + 8*t - 5. Let y(c) = 8*c**3 - 4*c**2 + 3*c - 2. Let u(b) = 3*o(b) - 8*y(b). Suppose 0 = -0*i + i - 1. Is u(i) a prime number?
True
Let a be (-3)/(3/(-3)) - -1. Suppose 2 = -a*h + 38. Suppose 3*w + 64 = 4*k, -3 = 3*w + h. Is k composite?
False
Let n(t) = -11*t**3 - 3*t**2 + 1. Suppose 0 = 2*p + p + 6. Is n(p) composite?
True
Let q(k) = 486*k + 1. Is q(1) prime?
True
Suppose -3*f + b - 284 = 2*b, -5*f - 477 = -2*b. Let y be (1 - -1) + 1 + 151. Let j = f + y. Is j a prime number?
True
Let y(u) = 367*u - 37. Is y(8) a composite number?
True
Suppose -2*v - 3*v = 40. Let b = -40 + 21. Let x = v - b. Is x a prime number?
True
Sup